[INFO] cloning repository https://github.com/zmwangx/debian-metadata
[INFO] running `Command { std: "git" "-c" "credential.helper=" "-c" "credential.helper=/workspace/cargo-home/bin/git-credential-null" "clone" "--bare" "https://github.com/zmwangx/debian-metadata" "/workspace/cache/git-repos/https%3A%2F%2Fgithub.com%2Fzmwangx%2Fdebian-metadata", kill_on_drop: false }`
[INFO] [stderr] Cloning into bare repository '/workspace/cache/git-repos/https%3A%2F%2Fgithub.com%2Fzmwangx%2Fdebian-metadata'...
[INFO] running `Command { std: "git" "rev-parse" "HEAD", kill_on_drop: false }`
[INFO] [stdout] a219ab2cb77f1dff6caf866f8a1ba24bc861602b
[INFO] building zmwangx/debian-metadata against master#ff34b919075f35a1787659e9c448a34b06bab8de for issue-85264
[INFO] running `Command { std: "git" "clone" "/workspace/cache/git-repos/https%3A%2F%2Fgithub.com%2Fzmwangx%2Fdebian-metadata" "/workspace/builds/worker-6/source", kill_on_drop: false }`
[INFO] [stderr] Cloning into '/workspace/builds/worker-6/source'...
[INFO] [stderr] done.
[INFO] validating manifest of git repo https://github.com/zmwangx/debian-metadata on toolchain ff34b919075f35a1787659e9c448a34b06bab8de
[INFO] running `Command { std: "/workspace/cargo-home/bin/cargo" "+ff34b919075f35a1787659e9c448a34b06bab8de" "metadata" "--manifest-path" "Cargo.toml" "--no-deps", kill_on_drop: false }`
[INFO] started tweaking git repo https://github.com/zmwangx/debian-metadata
[INFO] finished tweaking git repo https://github.com/zmwangx/debian-metadata
[INFO] tweaked toml for git repo https://github.com/zmwangx/debian-metadata written to /workspace/builds/worker-6/source/Cargo.toml
[INFO] crate git repo https://github.com/zmwangx/debian-metadata already has a lockfile, it will not be regenerated
[INFO] running `Command { std: "/workspace/cargo-home/bin/cargo" "+ff34b919075f35a1787659e9c448a34b06bab8de" "fetch" "--manifest-path" "Cargo.toml", kill_on_drop: false }`
[INFO] [stderr]     Blocking waiting for file lock on package cache
[INFO] running `Command { std: "docker" "create" "-v" "/var/lib/crater-agent-workspace/builds/worker-6/target:/opt/rustwide/target:rw,Z" "-v" "/var/lib/crater-agent-workspace/builds/worker-6/source:/opt/rustwide/workdir:ro,Z" "-v" "/var/lib/crater-agent-workspace/cargo-home:/opt/rustwide/cargo-home:ro,Z" "-v" "/var/lib/crater-agent-workspace/rustup-home:/opt/rustwide/rustup-home:ro,Z" "-e" "SOURCE_DIR=/opt/rustwide/workdir" "-e" "CARGO_TARGET_DIR=/opt/rustwide/target" "-e" "CARGO_HOME=/opt/rustwide/cargo-home" "-e" "RUSTUP_HOME=/opt/rustwide/rustup-home" "-w" "/opt/rustwide/workdir" "-m" "1610612736" "--user" "0:0" "--network" "none" "ghcr.io/rust-lang/crates-build-env/linux@sha256:20528e8c29e4536546f0102ce88568b16ea7538393a33fcca951030f7af10457" "/opt/rustwide/cargo-home/bin/cargo" "+ff34b919075f35a1787659e9c448a34b06bab8de" "metadata" "--no-deps" "--format-version=1", kill_on_drop: false }`
[INFO] [stdout] 35bee92f83836bfbc79b1986db8fbdb30229bc13470216c1038c5180c6ed3af4
[INFO] [stderr] WARNING: Your kernel does not support swap limit capabilities or the cgroup is not mounted. Memory limited without swap.
[INFO] running `Command { std: "docker" "start" "-a" "35bee92f83836bfbc79b1986db8fbdb30229bc13470216c1038c5180c6ed3af4", kill_on_drop: false }`
[INFO] running `Command { std: "docker" "inspect" "35bee92f83836bfbc79b1986db8fbdb30229bc13470216c1038c5180c6ed3af4", kill_on_drop: false }`
[INFO] running `Command { std: "docker" "rm" "-f" "35bee92f83836bfbc79b1986db8fbdb30229bc13470216c1038c5180c6ed3af4", kill_on_drop: false }`
[INFO] [stdout] 35bee92f83836bfbc79b1986db8fbdb30229bc13470216c1038c5180c6ed3af4
[INFO] running `Command { std: "docker" "create" "-v" "/var/lib/crater-agent-workspace/builds/worker-6/target:/opt/rustwide/target:rw,Z" "-v" "/var/lib/crater-agent-workspace/builds/worker-6/source:/opt/rustwide/workdir:ro,Z" "-v" "/var/lib/crater-agent-workspace/cargo-home:/opt/rustwide/cargo-home:ro,Z" "-v" "/var/lib/crater-agent-workspace/rustup-home:/opt/rustwide/rustup-home:ro,Z" "-e" "SOURCE_DIR=/opt/rustwide/workdir" "-e" "CARGO_TARGET_DIR=/opt/rustwide/target" "-e" "CARGO_INCREMENTAL=0" "-e" "RUST_BACKTRACE=full" "-e" "RUSTFLAGS=--cap-lints=forbid" "-e" "CARGO_HOME=/opt/rustwide/cargo-home" "-e" "RUSTUP_HOME=/opt/rustwide/rustup-home" "-w" "/opt/rustwide/workdir" "-m" "1610612736" "--user" "0:0" "--network" "none" "ghcr.io/rust-lang/crates-build-env/linux@sha256:20528e8c29e4536546f0102ce88568b16ea7538393a33fcca951030f7af10457" "/opt/rustwide/cargo-home/bin/cargo" "+ff34b919075f35a1787659e9c448a34b06bab8de" "build" "--frozen" "--message-format=json", kill_on_drop: false }`
[INFO] [stdout] ff5d77acc40dfb462093a3c2c651ab1ee3b28d9c1adfdf4771227b9975b80000
[INFO] [stderr] WARNING: Your kernel does not support swap limit capabilities or the cgroup is not mounted. Memory limited without swap.
[INFO] running `Command { std: "docker" "start" "-a" "ff5d77acc40dfb462093a3c2c651ab1ee3b28d9c1adfdf4771227b9975b80000", kill_on_drop: false }`
[INFO] [stderr]    Compiling version_check v0.9.2
[INFO] [stderr]    Compiling log v0.4.11
[INFO] [stderr]    Compiling glob v0.3.0
[INFO] [stderr]    Compiling cfg-if v0.1.10
[INFO] [stderr]    Compiling lazy_static v1.4.0
[INFO] [stderr]    Compiling quick-error v1.2.3
[INFO] [stderr]    Compiling termcolor v1.1.0
[INFO] [stderr]    Compiling bindgen v0.54.1
[INFO] [stderr]    Compiling shlex v0.1.1
[INFO] [stderr]    Compiling rustc-hash v1.1.0
[INFO] [stderr]    Compiling syn v1.0.35
[INFO] [stderr]    Compiling peeking_take_while v0.1.2
[INFO] [stderr]    Compiling lazycell v1.2.1
[INFO] [stderr]    Compiling typenum v1.12.0
[INFO] [stderr]    Compiling serde v1.0.114
[INFO] [stderr]    Compiling serde_json v1.0.56
[INFO] [stderr]    Compiling ffmpeg-next v4.3.3
[INFO] [stderr]    Compiling cpuid-bool v0.1.2
[INFO] [stderr]    Compiling opaque-debug v0.3.0
[INFO] [stderr]    Compiling libloading v0.5.2
[INFO] [stderr]    Compiling thread_local v1.0.1
[INFO] [stderr]    Compiling humantime v1.3.0
[INFO] [stderr]    Compiling proc-macro2 v1.0.19
[INFO] [stderr]    Compiling which v3.1.1
[INFO] [stderr]    Compiling num_cpus v1.13.0
[INFO] [stderr]    Compiling clap v2.33.1
[INFO] [stderr]    Compiling regex v1.3.9
[INFO] [stderr]    Compiling quote v1.0.7
[INFO] [stderr]    Compiling nom v5.1.2
[INFO] [stderr]    Compiling generic-array v0.14.3
[INFO] [stderr]    Compiling clang-sys v0.29.3
[INFO] [stderr]    Compiling env_logger v0.7.1
[INFO] [stderr]    Compiling digest v0.9.0
[INFO] [stderr]    Compiling block-buffer v0.9.0
[INFO] [stderr]    Compiling sha2 v0.9.1
[INFO] [stderr]    Compiling cexpr v0.4.0
[INFO] [stderr]    Compiling pest_generator v2.1.3
[INFO] [stderr]    Compiling serde_derive v1.0.114
[INFO] [stderr]    Compiling pest_derive v2.1.0
[INFO] [stderr]    Compiling handlebars v3.3.0
[INFO] [stderr]    Compiling ffmpeg-sys-next v4.3.0
[INFO] [stdout] error[E0425]: cannot find value `AVCOL_PRI_EBU3213` in this scope
[INFO] [stdout]   --> /opt/rustwide/cargo-home/registry/src/github.com-1ecc6299db9ec823/ffmpeg-next-4.3.3/src/util/color/primaries.rs:94:35
[INFO] [stdout]    |
[INFO] [stdout] 94 |             Primaries::EBU3213 => AVCOL_PRI_EBU3213,
[INFO] [stdout]    |                                   ^^^^^^^^^^^^^^^^^ not found in this scope
[INFO] [stdout] 
[INFO] [stdout] 
[INFO] [stdout] error[E0425]: cannot find value `AV_PIX_FMT_VULKAN` in this scope
[INFO] [stdout]     --> /opt/rustwide/cargo-home/registry/src/github.com-1ecc6299db9ec823/ffmpeg-next-4.3.3/src/util/format/pixel.rs:1026:30
[INFO] [stdout]      |
[INFO] [stdout] 1026 |             Pixel::VULKAN => AV_PIX_FMT_VULKAN,
[INFO] [stdout]      |                              ^^^^^^^^^^^^^^^^^ help: a unit variant with a similar name exists: `AV_PIX_FMT_CUDA`
[INFO] [stdout]      | 
[INFO] [stdout]     ::: /opt/rustwide/target/debug/build/ffmpeg-sys-next-31cd5180a57a3d3f/out/bindings.rs:3:195255
[INFO] [stdout]      |
[INFO] [stdout] 3    | ...X_FMT_D3D11VA_VLD = 118 , AV_PIX_FMT_CUDA = 119 , AV_PIX_FMT_0RGB = 120 , AV_PIX_FMT_RGB0 = 121 , AV_PIX_FMT_0BGR = 122 , AV_PIX_FMT_B...
[INFO] [stdout]      |                              --------------------- similarly named unit variant `AV_PIX_FMT_CUDA` defined here
[INFO] [stdout] 
[INFO] [stdout] 
[INFO] [stdout] error[E0425]: cannot find value `AV_PIX_FMT_Y210BE` in this scope
[INFO] [stdout]     --> /opt/rustwide/cargo-home/registry/src/github.com-1ecc6299db9ec823/ffmpeg-next-4.3.3/src/util/format/pixel.rs:1028:30
[INFO] [stdout]      |
[INFO] [stdout] 1028 |             Pixel::Y210BE => AV_PIX_FMT_Y210BE,
[INFO] [stdout]      |                              ^^^^^^^^^^^^^^^^^ help: a unit variant with a similar name exists: `AV_PIX_FMT_P010BE`
[INFO] [stdout]      | 
[INFO] [stdout]     ::: /opt/rustwide/target/debug/build/ffmpeg-sys-next-31cd5180a57a3d3f/out/bindings.rs:3:196545
[INFO] [stdout]      |
[INFO] [stdout] 3    | ..._PIX_FMT_P010LE = 161 , AV_PIX_FMT_P010BE = 162 , AV_PIX_FMT_GBRAP12BE = 163 , AV_PIX_FMT_GBRAP12LE = 164 , AV_PIX_FMT_GBRAP10BE = 165...
[INFO] [stdout]      |                            ----------------------- similarly named unit variant `AV_PIX_FMT_P010BE` defined here
[INFO] [stdout] 
[INFO] [stdout] 
[INFO] [stdout] error[E0425]: cannot find value `AV_PIX_FMT_Y210LE` in this scope
[INFO] [stdout]     --> /opt/rustwide/cargo-home/registry/src/github.com-1ecc6299db9ec823/ffmpeg-next-4.3.3/src/util/format/pixel.rs:1030:30
[INFO] [stdout]      |
[INFO] [stdout] 1030 |             Pixel::Y210LE => AV_PIX_FMT_Y210LE,
[INFO] [stdout]      |                              ^^^^^^^^^^^^^^^^^ help: a unit variant with a similar name exists: `AV_PIX_FMT_P010LE`
[INFO] [stdout]      | 
[INFO] [stdout]     ::: /opt/rustwide/target/debug/build/ffmpeg-sys-next-31cd5180a57a3d3f/out/bindings.rs:3:196519
[INFO] [stdout]      |
[INFO] [stdout] 3    | ...MT_VIDEOTOOLBOX = 160 , AV_PIX_FMT_P010LE = 161 , AV_PIX_FMT_P010BE = 162 , AV_PIX_FMT_GBRAP12BE = 163 , AV_PIX_FMT_GBRAP12LE = 164 , ...
[INFO] [stdout]      |                            ----------------------- similarly named unit variant `AV_PIX_FMT_P010LE` defined here
[INFO] [stdout] 
[INFO] [stdout] 
[INFO] [stdout] error[E0425]: cannot find value `AV_FRAME_DATA_VIDEO_ENC_PARAMS` in this scope
[INFO] [stdout]    --> /opt/rustwide/cargo-home/registry/src/github.com-1ecc6299db9ec823/ffmpeg-next-4.3.3/src/util/frame/side_data.rs:134:39
[INFO] [stdout]     |
[INFO] [stdout] 134 |             Type::VIDEO_ENC_PARAMS => AV_FRAME_DATA_VIDEO_ENC_PARAMS,
[INFO] [stdout]     |                                       ^^^^^^^^^^^^^^^^^^^^^^^^^^^^^^ not found in this scope
[INFO] [stdout] 
[INFO] [stdout] 
[INFO] [stdout] error[E0425]: cannot find value `AV_CODEC_ID_IMM5` in this scope
[INFO] [stdout]     --> /opt/rustwide/cargo-home/registry/src/github.com-1ecc6299db9ec823/ffmpeg-next-4.3.3/src/codec/id.rs:1668:25
[INFO] [stdout]      |
[INFO] [stdout] 1668 |             Id::IMM5 => AV_CODEC_ID_IMM5,
[INFO] [stdout]      |                         ^^^^^^^^^^^^^^^^ help: a unit variant with a similar name exists: `AV_CODEC_ID_IMM4`
[INFO] [stdout]      | 
[INFO] [stdout]     ::: /opt/rustwide/target/debug/build/ffmpeg-sys-next-31cd5180a57a3d3f/out/bindings.rs:3:254510
[INFO] [stdout]      |
[INFO] [stdout] 3    | ...CODEC_ID_FITS = 32803 , AV_CODEC_ID_IMM4 = 32804 , AV_CODEC_ID_PROSUMER = 32805 , AV_CODEC_ID_MWSC = 32806 , AV_CODEC_ID_WCMV = 32807 ...
[INFO] [stdout]      |                            ------------------------ similarly named unit variant `AV_CODEC_ID_IMM4` defined here
[INFO] [stdout] 
[INFO] [stdout] 
[INFO] [stdout] error[E0425]: cannot find value `AV_CODEC_ID_MVDV` in this scope
[INFO] [stdout]     --> /opt/rustwide/cargo-home/registry/src/github.com-1ecc6299db9ec823/ffmpeg-next-4.3.3/src/codec/id.rs:1670:25
[INFO] [stdout]      |
[INFO] [stdout] 1670 |             Id::MVDV => AV_CODEC_ID_MVDV,
[INFO] [stdout]      |                         ^^^^^^^^^^^^^^^^ help: a unit variant with a similar name exists: `AV_CODEC_ID_GDV`
[INFO] [stdout]      | 
[INFO] [stdout]     ::: /opt/rustwide/target/debug/build/ffmpeg-sys-next-31cd5180a57a3d3f/out/bindings.rs:3:254457
[INFO] [stdout]      |
[INFO] [stdout] 3    | ...V_CODEC_ID_SVG = 32801 , AV_CODEC_ID_GDV = 32802 , AV_CODEC_ID_FITS = 32803 , AV_CODEC_ID_IMM4 = 32804 , AV_CODEC_ID_PROSUMER = 32805 ...
[INFO] [stdout]      |                             ----------------------- similarly named unit variant `AV_CODEC_ID_GDV` defined here
[INFO] [stdout] 
[INFO] [stdout] 
[INFO] [stdout] error[E0425]: cannot find value `AV_CODEC_ID_MVHA` in this scope
[INFO] [stdout]     --> /opt/rustwide/cargo-home/registry/src/github.com-1ecc6299db9ec823/ffmpeg-next-4.3.3/src/codec/id.rs:1672:25
[INFO] [stdout]      |
[INFO] [stdout] 1672 |             Id::MVHA => AV_CODEC_ID_MVHA,
[INFO] [stdout]      |                         ^^^^^^^^^^^^^^^^ help: a unit variant with a similar name exists: `AV_CODEC_ID_MVC1`
[INFO] [stdout]      | 
[INFO] [stdout]     ::: /opt/rustwide/target/debug/build/ffmpeg-sys-next-31cd5180a57a3d3f/out/bindings.rs:3:253217
[INFO] [stdout]      |
[INFO] [stdout] 3    | ..._CODEC_ID_SGIRLE = 181 , AV_CODEC_ID_MVC1 = 182 , AV_CODEC_ID_MVC2 = 183 , AV_CODEC_ID_HQX = 184 , AV_CODEC_ID_TDSC = 185 , AV_CODEC_I...
[INFO] [stdout]      |                             ---------------------- similarly named unit variant `AV_CODEC_ID_MVC1` defined here
[INFO] [stdout] 
[INFO] [stdout] 
[INFO] [stdout] error[E0425]: cannot find value `AV_CODEC_ID_CDTOONS` in this scope
[INFO] [stdout]     --> /opt/rustwide/cargo-home/registry/src/github.com-1ecc6299db9ec823/ffmpeg-next-4.3.3/src/codec/id.rs:1674:28
[INFO] [stdout]      |
[INFO] [stdout] 1674 |             Id::CDTOONS => AV_CODEC_ID_CDTOONS,
[INFO] [stdout]      |                            ^^^^^^^^^^^^^^^^^^^ help: a unit variant with a similar name exists: `AV_CODEC_ID_COOK`
[INFO] [stdout]      | 
[INFO] [stdout]     ::: /opt/rustwide/target/debug/build/ffmpeg-sys-next-31cd5180a57a3d3f/out/bindings.rs:3:258388
[INFO] [stdout]      |
[INFO] [stdout] 3    | ...CODEC_ID_QDM2 = 86035 , AV_CODEC_ID_COOK = 86036 , AV_CODEC_ID_TRUESPEECH = 86037 , AV_CODEC_ID_TTA = 86038 , AV_CODEC_ID_SMACKAUDIO =...
[INFO] [stdout]      |                            ------------------------ similarly named unit variant `AV_CODEC_ID_COOK` defined here
[INFO] [stdout] 
[INFO] [stdout] 
[INFO] [stdout] error[E0425]: cannot find value `AV_CODEC_ID_MV30` in this scope
[INFO] [stdout]     --> /opt/rustwide/cargo-home/registry/src/github.com-1ecc6299db9ec823/ffmpeg-next-4.3.3/src/codec/id.rs:1676:25
[INFO] [stdout]      |
[INFO] [stdout] 1676 |             Id::MV30 => AV_CODEC_ID_MV30,
[INFO] [stdout]      |                         ^^^^^^^^^^^^^^^^ help: a unit variant with a similar name exists: `AV_CODEC_ID_RV30`
[INFO] [stdout]      | 
[INFO] [stdout]     ::: /opt/rustwide/target/debug/build/ffmpeg-sys-next-31cd5180a57a3d3f/out/bindings.rs:3:250268
[INFO] [stdout]      |
[INFO] [stdout] 3    | ...V_CODEC_ID_FFVHUFF = 67 , AV_CODEC_ID_RV30 = 68 , AV_CODEC_ID_RV40 = 69 , AV_CODEC_ID_VC1 = 70 , AV_CODEC_ID_WMV3 = 71 , AV_CODEC_ID_L...
[INFO] [stdout]      |                              --------------------- similarly named unit variant `AV_CODEC_ID_RV30` defined here
[INFO] [stdout] 
[INFO] [stdout] 
[INFO] [stdout] error[E0425]: cannot find value `AV_CODEC_ID_NOTCHLC` in this scope
[INFO] [stdout]     --> /opt/rustwide/cargo-home/registry/src/github.com-1ecc6299db9ec823/ffmpeg-next-4.3.3/src/codec/id.rs:1678:28
[INFO] [stdout]      |
[INFO] [stdout] 1678 |             Id::NOTCHLC => AV_CODEC_ID_NOTCHLC,
[INFO] [stdout]      |                            ^^^^^^^^^^^^^^^^^^^ help: a unit variant with a similar name exists: `AV_CODEC_ID_CLLC`
[INFO] [stdout]      | 
[INFO] [stdout]     ::: /opt/rustwide/target/debug/build/ffmpeg-sys-next-31cd5180a57a3d3f/out/bindings.rs:3:252768
[INFO] [stdout]      |
[INFO] [stdout] 3    | ...AV_CODEC_ID_MTS2 = 164 , AV_CODEC_ID_CLLC = 165 , AV_CODEC_ID_MSS2 = 166 , AV_CODEC_ID_VP9 = 167 , AV_CODEC_ID_AIC = 168 , AV_CODEC_ID...
[INFO] [stdout]      |                             ---------------------- similarly named unit variant `AV_CODEC_ID_CLLC` defined here
[INFO] [stdout] 
[INFO] [stdout] 
[INFO] [stdout] error[E0425]: cannot find value `AV_CODEC_ID_PFM` in this scope
[INFO] [stdout]     --> /opt/rustwide/cargo-home/registry/src/github.com-1ecc6299db9ec823/ffmpeg-next-4.3.3/src/codec/id.rs:1680:24
[INFO] [stdout]      |
[INFO] [stdout] 1680 |             Id::PFM => AV_CODEC_ID_PFM,
[INFO] [stdout]      |                        ^^^^^^^^^^^^^^^ help: a unit variant with a similar name exists: `AV_CODEC_ID_PAM`
[INFO] [stdout]      | 
[INFO] [stdout]     ::: /opt/rustwide/target/debug/build/ffmpeg-sys-next-31cd5180a57a3d3f/out/bindings.rs:3:250218
[INFO] [stdout]      |
[INFO] [stdout] 3    | ... AV_CODEC_ID_PGMYUV = 65 , AV_CODEC_ID_PAM = 66 , AV_CODEC_ID_FFVHUFF = 67 , AV_CODEC_ID_RV30 = 68 , AV_CODEC_ID_RV40 = 69 , AV_CODEC_...
[INFO] [stdout]      |                               -------------------- similarly named unit variant `AV_CODEC_ID_PAM` defined here
[INFO] [stdout] 
[INFO] [stdout] 
[INFO] [stdout] error[E0425]: cannot find value `AV_CODEC_ID_ADPCM_ARGO` in this scope
[INFO] [stdout]     --> /opt/rustwide/cargo-home/registry/src/github.com-1ecc6299db9ec823/ffmpeg-next-4.3.3/src/codec/id.rs:1682:31
[INFO] [stdout]      |
[INFO] [stdout] 1682 |             Id::ADPCM_ARGO => AV_CODEC_ID_ADPCM_ARGO,
[INFO] [stdout]      |                               ^^^^^^^^^^^^^^^^^^^^^^ help: a unit variant with a similar name exists: `AV_CODEC_ID_ADPCM_AGM`
[INFO] [stdout]      | 
[INFO] [stdout]     ::: /opt/rustwide/target/debug/build/ffmpeg-sys-next-31cd5180a57a3d3f/out/bindings.rs:3:257369
[INFO] [stdout]      |
[INFO] [stdout] 3    | ...PCM_MTAF = 71689 , AV_CODEC_ID_ADPCM_AGM = 71690 , AV_CODEC_ID_AMR_NB = 73728 , AV_CODEC_ID_AMR_WB = 73729 , AV_CODEC_ID_RA_144 = 7782...
[INFO] [stdout]      |                       ----------------------------- similarly named unit variant `AV_CODEC_ID_ADPCM_AGM` defined here
[INFO] [stdout] 
[INFO] [stdout] 
[INFO] [stdout] error[E0425]: cannot find value `AV_CODEC_ID_ADPCM_IMA_SSI` in this scope
[INFO] [stdout]     --> /opt/rustwide/cargo-home/registry/src/github.com-1ecc6299db9ec823/ffmpeg-next-4.3.3/src/codec/id.rs:1684:34
[INFO] [stdout]      |
[INFO] [stdout] 1684 |             Id::ADPCM_IMA_SSI => AV_CODEC_ID_ADPCM_IMA_SSI,
[INFO] [stdout]      |                                  ^^^^^^^^^^^^^^^^^^^^^^^^^ help: a unit variant with a similar name exists: `AV_CODEC_ID_ADPCM_IMA_ISS`
[INFO] [stdout]      | 
[INFO] [stdout]     ::: /opt/rustwide/target/debug/build/ffmpeg-sys-next-31cd5180a57a3d3f/out/bindings.rs:3:256890
[INFO] [stdout]      |
[INFO] [stdout] 3    | ...S_XA = 69658 , AV_CODEC_ID_ADPCM_IMA_ISS = 69659 , AV_CODEC_ID_ADPCM_G722 = 69660 , AV_CODEC_ID_ADPCM_IMA_APC = 69661 , AV_CODEC_ID_AD...
[INFO] [stdout]      |                   --------------------------------- similarly named unit variant `AV_CODEC_ID_ADPCM_IMA_ISS` defined here
[INFO] [stdout] 
[INFO] [stdout] 
[INFO] [stdout] error[E0425]: cannot find value `AV_CODEC_ID_ADPCM_ZORK` in this scope
[INFO] [stdout]     --> /opt/rustwide/cargo-home/registry/src/github.com-1ecc6299db9ec823/ffmpeg-next-4.3.3/src/codec/id.rs:1686:31
[INFO] [stdout]      |
[INFO] [stdout] 1686 |             Id::ADPCM_ZORK => AV_CODEC_ID_ADPCM_ZORK,
[INFO] [stdout]      |                               ^^^^^^^^^^^^^^^^^^^^^^ help: a unit variant with a similar name exists: `AV_CODEC_ID_PCM_ZORK`
[INFO] [stdout]      | 
[INFO] [stdout]     ::: /opt/rustwide/target/debug/build/ffmpeg-sys-next-31cd5180a57a3d3f/out/bindings.rs:3:255321
[INFO] [stdout]      |
[INFO] [stdout] 3    | ...M_S24DAUD = 65552 , AV_CODEC_ID_PCM_ZORK = 65553 , AV_CODEC_ID_PCM_S16LE_PLANAR = 65554 , AV_CODEC_ID_PCM_DVD = 65555 , AV_CODEC_ID_PC...
[INFO] [stdout]      |                        ---------------------------- similarly named unit variant `AV_CODEC_ID_PCM_ZORK` defined here
[INFO] [stdout] 
[INFO] [stdout] 
[INFO] [stdout] error[E0425]: cannot find value `AV_CODEC_ID_ADPCM_IMA_APM` in this scope
[INFO] [stdout]     --> /opt/rustwide/cargo-home/registry/src/github.com-1ecc6299db9ec823/ffmpeg-next-4.3.3/src/codec/id.rs:1688:34
[INFO] [stdout]      |
[INFO] [stdout] 1688 |             Id::ADPCM_IMA_APM => AV_CODEC_ID_ADPCM_IMA_APM,
[INFO] [stdout]      |                                  ^^^^^^^^^^^^^^^^^^^^^^^^^ help: a unit variant with a similar name exists: `AV_CODEC_ID_ADPCM_IMA_APC`
[INFO] [stdout]      | 
[INFO] [stdout]     ::: /opt/rustwide/target/debug/build/ffmpeg-sys-next-31cd5180a57a3d3f/out/bindings.rs:3:256959
[INFO] [stdout]      |
[INFO] [stdout] 3    | ...G722 = 69660 , AV_CODEC_ID_ADPCM_IMA_APC = 69661 , AV_CODEC_ID_ADPCM_VIMA = 69662 , AV_CODEC_ID_ADPCM_AFC = 71680 , AV_CODEC_ID_ADPCM_...
[INFO] [stdout]      |                   --------------------------------- similarly named unit variant `AV_CODEC_ID_ADPCM_IMA_APC` defined here
[INFO] [stdout] 
[INFO] [stdout] 
[INFO] [stdout] error[E0425]: cannot find value `AV_CODEC_ID_ADPCM_IMA_ALP` in this scope
[INFO] [stdout]     --> /opt/rustwide/cargo-home/registry/src/github.com-1ecc6299db9ec823/ffmpeg-next-4.3.3/src/codec/id.rs:1690:34
[INFO] [stdout]      |
[INFO] [stdout] 1690 |             Id::ADPCM_IMA_ALP => AV_CODEC_ID_ADPCM_IMA_ALP,
[INFO] [stdout]      |                                  ^^^^^^^^^^^^^^^^^^^^^^^^^ help: a unit variant with a similar name exists: `AV_CODEC_ID_ADPCM_IMA_AMV`
[INFO] [stdout]      | 
[INFO] [stdout]     ::: /opt/rustwide/target/debug/build/ffmpeg-sys-next-31cd5180a57a3d3f/out/bindings.rs:3:256597
[INFO] [stdout]      |
[INFO] [stdout] 3    | ..._THP = 69650 , AV_CODEC_ID_ADPCM_IMA_AMV = 69651 , AV_CODEC_ID_ADPCM_EA_R1 = 69652 , AV_CODEC_ID_ADPCM_EA_R3 = 69653 , AV_CODEC_ID_ADP...
[INFO] [stdout]      |                   --------------------------------- similarly named unit variant `AV_CODEC_ID_ADPCM_IMA_AMV` defined here
[INFO] [stdout] 
[INFO] [stdout] 
[INFO] [stdout] error[E0425]: cannot find value `AV_CODEC_ID_ADPCM_IMA_MTF` in this scope
[INFO] [stdout]     --> /opt/rustwide/cargo-home/registry/src/github.com-1ecc6299db9ec823/ffmpeg-next-4.3.3/src/codec/id.rs:1692:34
[INFO] [stdout]      |
[INFO] [stdout] 1692 |             Id::ADPCM_IMA_MTF => AV_CODEC_ID_ADPCM_IMA_MTF,
[INFO] [stdout]      |                                  ^^^^^^^^^^^^^^^^^^^^^^^^^ help: a unit variant with a similar name exists: `AV_CODEC_ID_ADPCM_IMA_QT`
[INFO] [stdout]      | 
[INFO] [stdout]     ::: /opt/rustwide/target/debug/build/ffmpeg-sys-next-31cd5180a57a3d3f/out/bindings.rs:3:255952
[INFO] [stdout]      |
[INFO] [stdout] 3    | ..._VIDC = 67588 , AV_CODEC_ID_ADPCM_IMA_QT = 69632 , AV_CODEC_ID_ADPCM_IMA_WAV = 69633 , AV_CODEC_ID_ADPCM_IMA_DK3 = 69634 , AV_CODEC_ID...
[INFO] [stdout]      |                    -------------------------------- similarly named unit variant `AV_CODEC_ID_ADPCM_IMA_QT` defined here
[INFO] [stdout] 
[INFO] [stdout] 
[INFO] [stdout] error[E0425]: cannot find value `AV_CODEC_ID_ADPCM_IMA_CUNNING` in this scope
[INFO] [stdout]     --> /opt/rustwide/cargo-home/registry/src/github.com-1ecc6299db9ec823/ffmpeg-next-4.3.3/src/codec/id.rs:1694:38
[INFO] [stdout]      |
[INFO] [stdout] 1694 |             Id::ADPCM_IMA_CUNNING => AV_CODEC_ID_ADPCM_IMA_CUNNING,
[INFO] [stdout]      |                                      ^^^^^^^^^^^^^^^^^^^^^^^^^^^^^ help: a unit variant with a similar name exists: `AV_CODEC_ID_ADPCM_IMA_ISS`
[INFO] [stdout]      | 
[INFO] [stdout]     ::: /opt/rustwide/target/debug/build/ffmpeg-sys-next-31cd5180a57a3d3f/out/bindings.rs:3:256890
[INFO] [stdout]      |
[INFO] [stdout] 3    | ...S_XA = 69658 , AV_CODEC_ID_ADPCM_IMA_ISS = 69659 , AV_CODEC_ID_ADPCM_G722 = 69660 , AV_CODEC_ID_ADPCM_IMA_APC = 69661 , AV_CODEC_ID_AD...
[INFO] [stdout]      |                   --------------------------------- similarly named unit variant `AV_CODEC_ID_ADPCM_IMA_ISS` defined here
[INFO] [stdout] 
[INFO] [stdout] 
[INFO] [stdout] error[E0425]: cannot find value `AV_CODEC_ID_DERF_DPCM` in this scope
[INFO] [stdout]     --> /opt/rustwide/cargo-home/registry/src/github.com-1ecc6299db9ec823/ffmpeg-next-4.3.3/src/codec/id.rs:1696:30
[INFO] [stdout]      |
[INFO] [stdout] 1696 |             Id::DERF_DPCM => AV_CODEC_ID_DERF_DPCM,
[INFO] [stdout]      |                              ^^^^^^^^^^^^^^^^^^^^^ help: a unit variant with a similar name exists: `AV_CODEC_ID_ROQ_DPCM`
[INFO] [stdout]      | 
[INFO] [stdout]     ::: /opt/rustwide/target/debug/build/ffmpeg-sys-next-31cd5180a57a3d3f/out/bindings.rs:3:257517
[INFO] [stdout]      |
[INFO] [stdout] 3    | ...ID_RA_288 = 77825 , AV_CODEC_ID_ROQ_DPCM = 81920 , AV_CODEC_ID_INTERPLAY_DPCM = 81921 , AV_CODEC_ID_XAN_DPCM = 81922 , AV_CODEC_ID_SOL...
[INFO] [stdout]      |                        ---------------------------- similarly named unit variant `AV_CODEC_ID_ROQ_DPCM` defined here
[INFO] [stdout] 
[INFO] [stdout] 
[INFO] [stdout] error[E0425]: cannot find value `AV_CODEC_ID_ACELP_KELVIN` in this scope
[INFO] [stdout]     --> /opt/rustwide/cargo-home/registry/src/github.com-1ecc6299db9ec823/ffmpeg-next-4.3.3/src/codec/id.rs:1698:33
[INFO] [stdout]      |
[INFO] [stdout] 1698 |             Id::ACELP_KELVIN => AV_CODEC_ID_ACELP_KELVIN,
[INFO] [stdout]      |                                 ^^^^^^^^^^^^^^^^^^^^^^^^ help: a unit variant with a similar name exists: `AV_CODEC_ID_A64_MULTI`
[INFO] [stdout]      | 
[INFO] [stdout]     ::: /opt/rustwide/target/debug/build/ffmpeg-sys-next-31cd5180a57a3d3f/out/bindings.rs:3:252155
[INFO] [stdout]      |
[INFO] [stdout] 3    | ...DEC_ID_ANSI = 141 , AV_CODEC_ID_A64_MULTI = 142 , AV_CODEC_ID_A64_MULTI5 = 143 , AV_CODEC_ID_R10K = 144 , AV_CODEC_ID_MXPEG = 145 , AV...
[INFO] [stdout]      |                        --------------------------- similarly named unit variant `AV_CODEC_ID_A64_MULTI` defined here
[INFO] [stdout] 
[INFO] [stdout] 
[INFO] [stdout] error[E0425]: cannot find value `AV_CODEC_ID_MPEGH_3D_AUDIO` in this scope
[INFO] [stdout]     --> /opt/rustwide/cargo-home/registry/src/github.com-1ecc6299db9ec823/ffmpeg-next-4.3.3/src/codec/id.rs:1700:35
[INFO] [stdout]      |
[INFO] [stdout] 1700 |             Id::MPEGH_3D_AUDIO => AV_CODEC_ID_MPEGH_3D_AUDIO,
[INFO] [stdout]      |                                   ^^^^^^^^^^^^^^^^^^^^^^^^^^ help: a unit variant with a similar name exists: `AV_CODEC_ID_PAF_AUDIO`
[INFO] [stdout]      | 
[INFO] [stdout]     ::: /opt/rustwide/target/debug/build/ffmpeg-sys-next-31cd5180a57a3d3f/out/bindings.rs:3:259689
[INFO] [stdout]      |
[INFO] [stdout] 3    | ...ETASOUND = 86079 , AV_CODEC_ID_PAF_AUDIO = 86080 , AV_CODEC_ID_ON2AVC = 86081 , AV_CODEC_ID_DSS_SP = 86082 , AV_CODEC_ID_CODEC2 = 8608...
[INFO] [stdout]      |                       ----------------------------- similarly named unit variant `AV_CODEC_ID_PAF_AUDIO` defined here
[INFO] [stdout] 
[INFO] [stdout] 
[INFO] [stdout] error[E0425]: cannot find value `AV_CODEC_ID_SIREN` in this scope
[INFO] [stdout]     --> /opt/rustwide/cargo-home/registry/src/github.com-1ecc6299db9ec823/ffmpeg-next-4.3.3/src/codec/id.rs:1702:26
[INFO] [stdout]      |
[INFO] [stdout] 1702 |             Id::SIREN => AV_CODEC_ID_SIREN,
[INFO] [stdout]      |                          ^^^^^^^^^^^^^^^^^ help: a unit variant with a similar name exists: `AV_CODEC_ID_AVRN`
[INFO] [stdout]      | 
[INFO] [stdout]     ::: /opt/rustwide/target/debug/build/ffmpeg-sys-next-31cd5180a57a3d3f/out/bindings.rs:3:253747
[INFO] [stdout]      |
[INFO] [stdout] 3    | ...CODEC_ID_YUV4 = 32776 , AV_CODEC_ID_AVRN = 32777 , AV_CODEC_ID_CPIA = 32778 , AV_CODEC_ID_XFACE = 32779 , AV_CODEC_ID_SNOW = 32780 , A...
[INFO] [stdout]      |                            ------------------------ similarly named unit variant `AV_CODEC_ID_AVRN` defined here
[INFO] [stdout] 
[INFO] [stdout] 
[INFO] [stdout] error[E0425]: cannot find value `AV_CODEC_ID_HCA` in this scope
[INFO] [stdout]     --> /opt/rustwide/cargo-home/registry/src/github.com-1ecc6299db9ec823/ffmpeg-next-4.3.3/src/codec/id.rs:1704:24
[INFO] [stdout]      |
[INFO] [stdout] 1704 |             Id::HCA => AV_CODEC_ID_HCA,
[INFO] [stdout]      |                        ^^^^^^^^^^^^^^^ help: a unit variant with a similar name exists: `AV_CODEC_ID_AC3`
[INFO] [stdout]      | 
[INFO] [stdout]     ::: /opt/rustwide/target/debug/build/ffmpeg-sys-next-31cd5180a57a3d3f/out/bindings.rs:3:257861
[INFO] [stdout]      |
[INFO] [stdout] 3    | ...V_CODEC_ID_AAC = 86018 , AV_CODEC_ID_AC3 = 86019 , AV_CODEC_ID_DTS = 86020 , AV_CODEC_ID_VORBIS = 86021 , AV_CODEC_ID_DVAUDIO = 86022 ...
[INFO] [stdout]      |                             ----------------------- similarly named unit variant `AV_CODEC_ID_AC3` defined here
[INFO] [stdout] 
[INFO] [stdout] 
[INFO] [stdout] error[E0425]: cannot find value `AV_CODEC_ID_EPG` in this scope
[INFO] [stdout]     --> /opt/rustwide/cargo-home/registry/src/github.com-1ecc6299db9ec823/ffmpeg-next-4.3.3/src/codec/id.rs:1706:24
[INFO] [stdout]      |
[INFO] [stdout] 1706 |             Id::EPG => AV_CODEC_ID_EPG,
[INFO] [stdout]      |                        ^^^^^^^^^^^^^^^ help: a unit variant with a similar name exists: `AV_CODEC_ID_APE`
[INFO] [stdout]      | 
[INFO] [stdout]     ::: /opt/rustwide/target/debug/build/ffmpeg-sys-next-31cd5180a57a3d3f/out/bindings.rs:3:258741
[INFO] [stdout]      |
[INFO] [stdout] 3    | ...ODEC_ID_ATRAC3 = 86047 , AV_CODEC_ID_APE = 86048 , AV_CODEC_ID_NELLYMOSER = 86049 , AV_CODEC_ID_MUSEPACK8 = 86050 , AV_CODEC_ID_SPEEX ...
[INFO] [stdout]      |                             ----------------------- similarly named unit variant `AV_CODEC_ID_APE` defined here
[INFO] [stdout] 
[INFO] [stdout] 
[INFO] [stdout] error[E0425]: cannot find value `AV_PKT_DATA_PRFT` in this scope
[INFO] [stdout]    --> /opt/rustwide/cargo-home/registry/src/github.com-1ecc6299db9ec823/ffmpeg-next-4.3.3/src/codec/packet/side_data.rs:140:27
[INFO] [stdout]     |
[INFO] [stdout] 140 |             Type::PRFT => AV_PKT_DATA_PRFT,
[INFO] [stdout]     |                           ^^^^^^^^^^^^^^^^ help: a unit variant with a similar name exists: `AV_PKT_DATA_AFD`
[INFO] [stdout]     | 
[INFO] [stdout]    ::: /opt/rustwide/target/debug/build/ffmpeg-sys-next-31cd5180a57a3d3f/out/bindings.rs:3:280766
[INFO] [stdout]     |
[INFO] [stdout] 3   | ...FormatDescription enum." ] AV_PKT_DATA_AFD = 26 , # [ doc = " The number of side data types." ] # [ doc = " This is not part of the pu...
[INFO] [stdout]     |                               -------------------- similarly named unit variant `AV_PKT_DATA_AFD` defined here
[INFO] [stdout] 
[INFO] [stdout] 
[INFO] [stdout] error[E0425]: cannot find value `AV_PKT_DATA_ICC_PROFILE` in this scope
[INFO] [stdout]    --> /opt/rustwide/cargo-home/registry/src/github.com-1ecc6299db9ec823/ffmpeg-next-4.3.3/src/codec/packet/side_data.rs:142:34
[INFO] [stdout]     |
[INFO] [stdout] 142 |             Type::ICC_PROFILE => AV_PKT_DATA_ICC_PROFILE,
[INFO] [stdout]     |                                  ^^^^^^^^^^^^^^^^^^^^^^^ not found in this scope
[INFO] [stdout] 
[INFO] [stdout] 
[INFO] [stdout] error[E0425]: cannot find value `AV_PKT_DATA_DOVI_CONF` in this scope
[INFO] [stdout]    --> /opt/rustwide/cargo-home/registry/src/github.com-1ecc6299db9ec823/ffmpeg-next-4.3.3/src/codec/packet/side_data.rs:144:32
[INFO] [stdout]     |
[INFO] [stdout] 144 |             Type::DOVI_CONF => AV_PKT_DATA_DOVI_CONF,
[INFO] [stdout]     |                                ^^^^^^^^^^^^^^^^^^^^^ help: a unit variant with a similar name exists: `AV_PKT_DATA_A53_CC`
[INFO] [stdout]     | 
[INFO] [stdout]    ::: /opt/rustwide/target/debug/build/ffmpeg-sys-next-31cd5180a57a3d3f/out/bindings.rs:3:280155
[INFO] [stdout]     |
[INFO] [stdout] 3   | ...PacketSideData.size." ] AV_PKT_DATA_A53_CC = 23 , # [ doc = " This side data is encryption initialization data." ] # [ doc = " The for...
[INFO] [stdout]     |                            ----------------------- similarly named unit variant `AV_PKT_DATA_A53_CC` defined here
[INFO] [stdout] 
[INFO] [stdout] 
[INFO] [stdout] error: aborting due to 28 previous errors
[INFO] [stdout] 
[INFO] [stdout] 
[INFO] [stdout] For more information about this error, try `rustc --explain E0425`.
[INFO] [stdout] 
[INFO] [stderr] error: could not compile `ffmpeg-next`
[INFO] [stderr] 
[INFO] [stderr] To learn more, run the command again with --verbose.
[INFO] running `Command { std: "docker" "inspect" "ff5d77acc40dfb462093a3c2c651ab1ee3b28d9c1adfdf4771227b9975b80000", kill_on_drop: false }`
[INFO] running `Command { std: "docker" "rm" "-f" "ff5d77acc40dfb462093a3c2c651ab1ee3b28d9c1adfdf4771227b9975b80000", kill_on_drop: false }`
[INFO] [stdout] ff5d77acc40dfb462093a3c2c651ab1ee3b28d9c1adfdf4771227b9975b80000
